{"id":133,"date":"2021-04-12T10:31:05","date_gmt":"2021-04-12T08:31:05","guid":{"rendered":"http:\/\/kip.choriandre.fr\/?page_id=133"},"modified":"2025-02-10T15:45:04","modified_gmt":"2025-02-10T14:45:04","slug":"nos-metiers","status":"publish","type":"page","link":"https:\/\/kiplink-finance.fr\/?page_id=133","title":{"rendered":"Pr\u00e9sentation g\u00e9n\u00e9rale"},"content":{"rendered":"<p><section class=\"kc-elm kc-css-930947 kc_row\"><div class=\"kc-row-container  kc-container\"><div class=\"kc-wrap-columns\"><div class=\"kc-elm kc-css-693700 kc_col-sm-12 kc_column kc_col-sm-12\"><div class=\"kc-col-container\">\n<div class=\"kc-elm kc-css-906183 kc-title-wrap \">\n\n\t<h1 class=\"kc_title\">Une structure entrepreneuriale engag\u00e9e \u00e0 vos c\u00f4t\u00e9s<\/br> dans la gestion financi\u00e8re de vos actifs<\/strong><\/h3><\/h1>\n<\/div>\n\n<div class=\"kc-elm kc-css-258024 divider_line\">\n\t<div class=\"divider_inner divider_line2\">\n\t\t<i class=\"sl-people\"><\/i>\t<\/div>\n<\/div>\n<div class=\"kc-elm kc-css-71804\" style=\"height: 20px; clear: both; width:100%;\"><\/div><div class=\"kc-elm kc-css-589601 kc-animated kc-animate-eff-fadeInDown kc_shortcode kc_single_image\">\n\n        <img decoding=\"async\" src=\"https:\/\/kiplink-finance.fr\/wp-content\/uploads\/2021\/10\/Kiplink-Finance-on-to-one-cosy-e1636552513409-600x400xc.jpg\" class=\"\" alt=\"\" \/>    <\/div>\n<\/div><\/div><\/div><\/div><\/section><section class=\"kc-elm kc-css-454104 kc_row\"><div class=\"kc-row-container  kc-container\"><div class=\"kc-wrap-columns\"><div class=\"kc-elm kc-css-93365 kc_col-sm-6 kc_column kc_col-sm-6\"><div class=\"kc-col-container\"><div class=\"kc-elm kc-css-731016 kc_text_block justifier\"><\/p>\n<p>Soci\u00e9t\u00e9 de gestion ind\u00e9pendante, Kiplink Finance met \u00e0 la disposition de ses clients <strong>une palette compl\u00e8te de services d\u2019investissements en architecture ouverte<\/strong> :<\/p>\n<ul>\n<li>Gestion Sous Mandat,<\/li>\n<li>Gestion Conseill\u00e9e,<\/li>\n<li>Gestion d&#039;OPCM et de FIA d\u00e9di\u00e9s,<\/li>\n<li>Gestion de contrats d&#039;assurance vie et de capitalisation.<\/li>\n<\/ul>\n<p>\n<\/div><\/div><\/div><div class=\"kc-elm kc-css-233707 kc_col-sm-6 kc_column kc_col-sm-6\"><div class=\"kc-col-container\"><div class=\"kc-elm kc-css-787395 kc_text_block\"><\/p>\n<p>Kiplink Finance propose <strong>un accompagnement patrimonial personnalis\u00e9<\/strong>. Nous abordons le patrimoine de nos clients de mani\u00e8re globale et transversale.<\/p>\n<p>\n<\/div><\/div><\/div><\/div><\/div><\/section><section class=\"kc-elm kc-css-571930 kc_row\"><div class=\"kc-row-container  kc-container\"><div class=\"kc-wrap-columns\"><div class=\"kc-elm kc-css-150868 kc_col-sm-12 kc_column kc_col-sm-12\"><div class=\"kc-col-container\">\n<div class=\"kc-elm kc-css-819302 divider_line\">\n\t<div class=\"divider_inner divider_line2\">\n\t\t<i class=\"sl-people\"><\/i>\t<\/div>\n<\/div>\n<\/div><\/div><\/div><\/div><\/section><section class=\"kc-elm kc-css-75084 kc_row\"><div class=\"kc-row-container  kc-container\"><div class=\"kc-wrap-columns\"><div class=\"kc-elm kc-css-533549 kc_col-sm-4 kc_column kc_col-sm-4\"><div class=\"kc-col-container\">\n<div class=\"kc-elm kc-css-930761 kc-title-wrap \">\n\n\t<h1 class=\"kc_title\">Le mot du Pr\u00e9sident<\/h1>\n<\/div>\n<div class=\"kc-elm kc-css-568362 kc_text_block justifier\"><\/p>\n<blockquote>\n<p><span style=\"font-size: 12pt;\"><em>Nous pla\u00e7ons nos clients au centre de nos pr\u00e9occupations. <strong>L&rsquo;\u00e9coute, le conseil et la proximit\u00e9 client,<\/strong> constituent les valeurs qui nous sont ch\u00e8res.\u00a0<\/em><\/span><\/p>\n<p><span style=\"font-size: 12pt;\"><em>Nous avons la chance d\u2019\u00eatre soutenus par notre solide actionnaire, le Groupe DLPK, d\u00e9tenu par April. N\u00e9 d\u2019une aventure entrepreneuriale en 1994, le Groupe DLPK est un sp\u00e9cialiste de l\u2019\u00e9pargne et de la gestion d\u2019actifs, et constitue une alternative aux acteurs traditionnels. En juillet 2024, DLPK et April se sont rapproch\u00e9s pour renforcer leur positionnement sur le march\u00e9 de l\u2019\u00e9pargne.<\/em><\/span><\/p>\n<\/blockquote>\n<p>\n<\/div><\/div><\/div><div class=\"kc-elm kc-css-479987 kc_col-sm-4 kc_column kc_col-sm-4\"><div class=\"kc-col-container\"><div class=\"kc-elm kc-css-729915\" style=\"height: 40px; clear: both; width:100%;\"><\/div><div class=\"kc-elm kc-css-983554 kc_shortcode kc_single_image\">\n\n        <img decoding=\"async\" src=\"https:\/\/kiplink-finance.fr\/wp-content\/uploads\/2024\/02\/Yannick-Photo-2-200x300xc.jpg\" class=\"\" alt=\"\" \/>    <\/div>\n<\/div><\/div><div class=\"kc-elm kc-css-242479 kc_col-sm-4 kc_column kc_col-sm-4\"><div class=\"kc-col-container\">\n<div class=\"kc-elm kc-css-190722 kc-title-wrap \">\n\n\t<h1 class=\"kc_title\">Notre ADN<\/h1>\n<\/div>\n<div class=\"kc-elm kc-css-980567 kc_text_block justifier\"><\/p>\n<blockquote>\n<ul>\n<li style=\"text-align: left;\"><span style=\"font-size: 12pt;\"><em>Une <strong>\u00e9quipe \u00e0 taille humaine<\/strong> compos\u00e9e de 16 salari\u00e9s,<\/em><\/span><\/li>\n<li style=\"text-align: left;\"><span style=\"font-size: 12pt;\"><em>Des interlocuteurs <strong>d\u00e9di\u00e9s et exp\u00e9riment\u00e9s,<\/strong><\/em><\/span><\/li>\n<li style=\"text-align: left;\"><span style=\"font-size: 12pt;\"><em>Une gestion <strong>financi\u00e8re et patrimoniale personnalis\u00e9e<\/strong>,<\/em><\/span><\/li>\n<li><span style=\"font-size: 12pt;\"><em>Une architecture <strong>ouverte<\/strong>.<\/em><\/span><\/li>\n<\/ul>\n<\/blockquote>\n<p>\n<\/div><\/div><\/div><\/div><\/div><\/section><section class=\"kc-elm kc-css-398182 kc_row\"><div class=\"kc-row-container  kc-container\"><div class=\"kc-wrap-columns\"><div class=\"kc-elm kc-css-71380 kc_col-sm-12 kc_column kc_col-sm-12\"><div class=\"kc-col-container\">\n<div class=\"kc-elm kc-css-281690 kc-flipbox kc-flip-container rowHeight\" ontouchstart=\"this.classList.toggle('hover');\">\n\t<div class=\"flipper\">\n\t\t<div class=\"front\">\n\t\t\t<div class=\"front-content\">\n\t\t\t\t<p><h1 class=\"text_white\" style=\"text-align: center;\">2004<\/h1>\r\n<p style=\"text-align: center;\">~<\/p>\r\n<p style=\"text-align: center;\">Cr\u00e9ation de la soci\u00e9t\u00e9<\/p><\/p>\t\t\t<\/div>\n\t\t<\/div>\n\t\t<div class=\"back\">\n\t\t\t<div class=\"des\">\n\t\t\t\t<h3>Soci\u00e9t\u00e9 cr\u00e9\u00e9e en 2004<\/h3><p><p style=\"text-align: center;\">Kiplink Finance poursuit son d\u00e9veloppement en enrichissant son programme d'activit\u00e9s r\u00e9gul\u00e9es par son agr\u00e9ment en gestion collective en 2007, son agr\u00e9ment AIFM et R\u00e9ception Transmission d'Ordres pour le compte de tiers en 2017. <\/p><\/p>\t\t\t<\/div>\n\t\t<\/div>\n\t<\/div>\n<\/div>\n<div class=\"kc-elm kc-css-732333 kc_shortcode kc_single_image\">\n\n        <img decoding=\"async\" src=\"https:\/\/kiplink-finance.fr\/wp-content\/uploads\/2021\/10\/kiplink-finance-echos.png\" class=\"\" alt=\"\" \/>    <\/div>\n<\/div><\/div><\/div><\/div><\/section><section class=\"kc-elm kc-css-250370 kc_row\"><div class=\"kc-row-container  kc-container\"><div class=\"kc-wrap-columns\"><div class=\"kc-elm kc-css-59932 kc_col-sm-4 kc_column kc_col-sm-4\"><div class=\"kc-col-container\">\n<div class=\"kc-elm kc-css-92240 kc-flipbox kc-flip-container rowHeight\" ontouchstart=\"this.classList.toggle('hover');\">\n\t<div class=\"flipper\">\n\t\t<div class=\"front\">\n\t\t\t<div class=\"front-content\">\n\t\t\t\t<p><h1 class=\"text_blue\" style=\"text-align: center;\">9<\/h1>\r\n<p style=\"text-align: center;\">~<\/p>\r\n<p style=\"text-align: center;\">OPC dont 2 FIA d\u00e9di\u00e9s<\/p><\/p>\t\t\t<\/div>\n\t\t<\/div>\n\t\t<div class=\"back\">\n\t\t\t<div class=\"des\">\n\t\t\t\t<h3>9 OPC<\/h3><a class=\"button\" href=\"http:\/\/kip.choriandre.fr\/?page_id=621\" target=\"_self\" title=\"Nos fonds\">Nos fonds <\/a>\t\t\t<\/div>\n\t\t<\/div>\n\t<\/div>\n<\/div>\n<\/div><\/div><div class=\"kc-elm kc-css-469998 kc_col-sm-4 kc_column kc_col-sm-4\"><div class=\"kc-col-container\">\n<div class=\"kc-elm kc-css-521490 kc-flipbox kc-flip-container rowHeight\" ontouchstart=\"this.classList.toggle('hover');\">\n\t<div class=\"flipper\">\n\t\t<div class=\"front\">\n\t\t\t<div class=\"front-content\">\n\t\t\t\t<p><h3 class=\"text_white\" style=\"text-align: center;\">Twenty First Capital<\/h3>\r\n<h3 class=\"text_white\" style=\"text-align: center;\">LBO France Gestion<\/h3>\r\n<p style=\"text-align: center;\">~<\/p>\r\n<p style=\"text-align: center;\">Un actionnariat de r\u00e9f\u00e9rence<\/p><\/p>\t\t\t<\/div>\n\t\t<\/div>\n\t\t<div class=\"back\">\n\t\t\t<div class=\"des\">\n\t\t\t\t<h3>Un actionnariat de r\u00e9f\u00e9rence<\/h3><p>Kiplink Finance est d\u00e9tenue \u00e0 hauteur de 49% par ses dirigeants et salari\u00e9s, et \u00e0 hauteur de 51% par un groupe de gestion entrepreneurial ind\u00e9pendant, Twenty First Capital et LBO France Gestion.<\/p>\t\t\t<\/div>\n\t\t<\/div>\n\t<\/div>\n<\/div>\n<\/div><\/div><div class=\"kc-elm kc-css-466692 kc_col-sm-4 kc_column kc_col-sm-4\"><div class=\"kc-col-container\">\n<div class=\"kc-elm kc-css-683129 kc-flipbox kc-flip-container rowHeight\" ontouchstart=\"this.classList.toggle('hover');\">\n\t<div class=\"flipper\">\n\t\t<div class=\"front\">\n\t\t\t<div class=\"front-content\">\n\t\t\t\t<p><h1 class=\"text_blue\" style=\"text-align: center;\">Nos valeurs<\/h1>\r\n<p style=\"text-align: center;\">~<\/p>\r\n<p style=\"text-align: center;\">Le lien humain<\/p><\/p>\t\t\t<\/div>\n\t\t<\/div>\n\t\t<div class=\"back\">\n\t\t\t<div class=\"des\">\n\t\t\t\t<h3>Nos valeurs<\/h3><p>Conserver le lien humain au c\u0153ur de la gestion,\r\n\u00e9coute, conseils, proximit\u00e9.\r\n<\/p><a class=\"button\" href=\"http:\/\/kip.choriandre.fr\/?page_id=159\" target=\"_self\" title=\"Nos valeurs\">Nos valeurs<\/a>\t\t\t<\/div>\n\t\t<\/div>\n\t<\/div>\n<\/div>\n<\/div><\/div><\/div><\/div><\/section><section class=\"kc-elm kc-css-168244 kc_row\"><div class=\"kc-row-container  kc-container\"><div class=\"kc-wrap-columns\"><div class=\"kc-elm kc-css-271226 kc_col-sm-6 kc_column kc_col-sm-6\"><div class=\"kc-col-container\">\n<div class=\"kc-elm kc-css-485213 divider_line\">\n\t<div class=\"divider_inner divider_line2\">\n\t\t<i class=\"sl-people\"><\/i>\t<\/div>\n<\/div>\n\n<div class=\"kc-elm kc-css-556676 kc-flipbox kc-flip-container rowHeight\" ontouchstart=\"this.classList.toggle('hover');\">\n\t<div class=\"flipper\">\n\t\t<div class=\"front\">\n\t\t\t<div class=\"front-content\">\n\t\t\t\t<p><h1 class=\"text_white\" style=\"text-align: center;\">Notre ADN<\/h1>\r\n<p style=\"text-align: center;\">~<\/p>\r\n<\/p>\t\t\t<\/div>\n\t\t<\/div>\n\t\t<div class=\"back\">\n\t\t\t<div class=\"des\">\n\t\t\t\t<p><p style=\"text-align: left;\">-Une \u00e9quipe \u00e0 taille humaine compos\u00e9e de 17 salari\u00e9s<\/p>\r\n<p style=\"text-align: left;\">-Des interlocuteurs d\u00e9di\u00e9s et exp\u00e9riment\u00e9s <\/p>\r\n<p style=\"text-align: left;\">-Une gestion financi\u00e8re et patrimoniale personnalis\u00e9e<\/p>\r\n<p style=\"text-align: left;\">-Une architecture ouverte<\/p><\/p>\t\t\t<\/div>\n\t\t<\/div>\n\t<\/div>\n<\/div>\n<\/div><\/div><div class=\"kc-elm kc-css-155400 kc_col-sm-6 kc_column kc_col-sm-6\"><div class=\"kc-col-container\"><\/div><\/div><\/div><\/div><\/section><\/p>\n","protected":false},"excerpt":{"rendered":"","protected":false},"author":1,"featured_media":0,"parent":0,"menu_order":0,"comment_status":"closed","ping_status":"closed","template":"","meta":{"footnotes":""},"class_list":["post-133","page","type-page","status-publish","hentry"],"yoast_head":"<!-- This site is optimized with the Yoast SEO plugin v27.5 - https:\/\/yoast.com\/product\/yoast-seo-wordpress\/ -->\n<title>Pr\u00e9sentation g\u00e9n\u00e9rale | Kiplink Finance<\/title>\n<meta name=\"robots\" content=\"index, follow, max-snippet:-1, max-image-preview:large, max-video-preview:-1\" \/>\n<link rel=\"canonical\" href=\"https:\/\/kiplink-finance.fr\/?page_id=133\" \/>\n<meta property=\"og:locale\" content=\"fr_FR\" \/>\n<meta property=\"og:type\" content=\"article\" \/>\n<meta property=\"og:title\" content=\"Pr\u00e9sentation g\u00e9n\u00e9rale | Kiplink Finance\" \/>\n<meta property=\"og:description\" content=\"Une structure entrepreneuriale engag\u00e9e \u00e0 vos c\u00f4t\u00e9s dans la gestion financi\u00e8re de vos actifs Soci\u00e9t\u00e9 de gestion ind\u00e9pendante, Kiplink Finance met \u00e0 la disposition de ses clients une palette compl\u00e8te de services d\u2019investissements en architecture ouverte : Gestion Sous Mandat, Gestion Conseill\u00e9e, Gestion d&#039;OPCM et de FIA d\u00e9di\u00e9s, Gestion de contrats d&#039;assurance vie et de [&hellip;]\" \/>\n<meta property=\"og:url\" content=\"https:\/\/kiplink-finance.fr\/?page_id=133\" \/>\n<meta property=\"og:site_name\" content=\"Kiplink Finance\" \/>\n<meta property=\"article:modified_time\" content=\"2025-02-10T14:45:04+00:00\" \/>\n<meta property=\"og:image\" content=\"https:\/\/kiplink-finance.fr\/wp-content\/uploads\/2021\/10\/Kiplink-Finance-on-to-one-cosy-e1636552513409-600x400xc.jpg\" \/>\n<meta name=\"twitter:card\" content=\"summary_large_image\" \/>\n<meta name=\"twitter:label1\" content=\"Dur\u00e9e de lecture estim\u00e9e\" \/>\n\t<meta name=\"twitter:data1\" content=\"1 minute\" \/>\n<script type=\"application\/ld+json\" class=\"yoast-schema-graph\">{\"@context\":\"https:\\\/\\\/schema.org\",\"@graph\":[{\"@type\":\"WebPage\",\"@id\":\"https:\\\/\\\/kiplink-finance.fr\\\/?page_id=133\",\"url\":\"https:\\\/\\\/kiplink-finance.fr\\\/?page_id=133\",\"name\":\"Pr\u00e9sentation g\u00e9n\u00e9rale | Kiplink Finance\",\"isPartOf\":{\"@id\":\"https:\\\/\\\/kiplink-finance.fr\\\/#website\"},\"primaryImageOfPage\":{\"@id\":\"https:\\\/\\\/kiplink-finance.fr\\\/?page_id=133#primaryimage\"},\"image\":{\"@id\":\"https:\\\/\\\/kiplink-finance.fr\\\/?page_id=133#primaryimage\"},\"thumbnailUrl\":\"https:\\\/\\\/kiplink-finance.fr\\\/wp-content\\\/uploads\\\/2021\\\/10\\\/Kiplink-Finance-on-to-one-cosy-e1636552513409-600x400xc.jpg\",\"datePublished\":\"2021-04-12T08:31:05+00:00\",\"dateModified\":\"2025-02-10T14:45:04+00:00\",\"breadcrumb\":{\"@id\":\"https:\\\/\\\/kiplink-finance.fr\\\/?page_id=133#breadcrumb\"},\"inLanguage\":\"fr-FR\",\"potentialAction\":[{\"@type\":\"ReadAction\",\"target\":[\"https:\\\/\\\/kiplink-finance.fr\\\/?page_id=133\"]}]},{\"@type\":\"ImageObject\",\"inLanguage\":\"fr-FR\",\"@id\":\"https:\\\/\\\/kiplink-finance.fr\\\/?page_id=133#primaryimage\",\"url\":\"https:\\\/\\\/kiplink-finance.fr\\\/wp-content\\\/uploads\\\/2021\\\/10\\\/Kiplink-Finance-on-to-one-cosy-e1636552513409-600x400xc.jpg\",\"contentUrl\":\"https:\\\/\\\/kiplink-finance.fr\\\/wp-content\\\/uploads\\\/2021\\\/10\\\/Kiplink-Finance-on-to-one-cosy-e1636552513409-600x400xc.jpg\"},{\"@type\":\"BreadcrumbList\",\"@id\":\"https:\\\/\\\/kiplink-finance.fr\\\/?page_id=133#breadcrumb\",\"itemListElement\":[{\"@type\":\"ListItem\",\"position\":1,\"name\":\"Accueil\",\"item\":\"https:\\\/\\\/kiplink-finance.fr\\\/\"},{\"@type\":\"ListItem\",\"position\":2,\"name\":\"Pr\u00e9sentation g\u00e9n\u00e9rale\"}]},{\"@type\":\"WebSite\",\"@id\":\"https:\\\/\\\/kiplink-finance.fr\\\/#website\",\"url\":\"https:\\\/\\\/kiplink-finance.fr\\\/\",\"name\":\"Kiplink Finance\",\"description\":\"\",\"publisher\":{\"@id\":\"https:\\\/\\\/kiplink-finance.fr\\\/#organization\"},\"potentialAction\":[{\"@type\":\"SearchAction\",\"target\":{\"@type\":\"EntryPoint\",\"urlTemplate\":\"https:\\\/\\\/kiplink-finance.fr\\\/?s={search_term_string}\"},\"query-input\":{\"@type\":\"PropertyValueSpecification\",\"valueRequired\":true,\"valueName\":\"search_term_string\"}}],\"inLanguage\":\"fr-FR\"},{\"@type\":\"Organization\",\"@id\":\"https:\\\/\\\/kiplink-finance.fr\\\/#organization\",\"name\":\"KIPLINK FINANCE\",\"url\":\"https:\\\/\\\/kiplink-finance.fr\\\/\",\"logo\":{\"@type\":\"ImageObject\",\"inLanguage\":\"fr-FR\",\"@id\":\"https:\\\/\\\/kiplink-finance.fr\\\/#\\\/schema\\\/logo\\\/image\\\/\",\"url\":\"https:\\\/\\\/kiplink-finance.fr\\\/wp-content\\\/uploads\\\/2021\\\/04\\\/logo-kiplink.png\",\"contentUrl\":\"https:\\\/\\\/kiplink-finance.fr\\\/wp-content\\\/uploads\\\/2021\\\/04\\\/logo-kiplink.png\",\"width\":158,\"height\":40,\"caption\":\"KIPLINK FINANCE\"},\"image\":{\"@id\":\"https:\\\/\\\/kiplink-finance.fr\\\/#\\\/schema\\\/logo\\\/image\\\/\"}}]}<\/script>\n<!-- \/ Yoast SEO plugin. -->","yoast_head_json":{"title":"Pr\u00e9sentation g\u00e9n\u00e9rale | Kiplink Finance","robots":{"index":"index","follow":"follow","max-snippet":"max-snippet:-1","max-image-preview":"max-image-preview:large","max-video-preview":"max-video-preview:-1"},"canonical":"https:\/\/kiplink-finance.fr\/?page_id=133","og_locale":"fr_FR","og_type":"article","og_title":"Pr\u00e9sentation g\u00e9n\u00e9rale | Kiplink Finance","og_description":"Une structure entrepreneuriale engag\u00e9e \u00e0 vos c\u00f4t\u00e9s dans la gestion financi\u00e8re de vos actifs Soci\u00e9t\u00e9 de gestion ind\u00e9pendante, Kiplink Finance met \u00e0 la disposition de ses clients une palette compl\u00e8te de services d\u2019investissements en architecture ouverte : Gestion Sous Mandat, Gestion Conseill\u00e9e, Gestion d&#039;OPCM et de FIA d\u00e9di\u00e9s, Gestion de contrats d&#039;assurance vie et de [&hellip;]","og_url":"https:\/\/kiplink-finance.fr\/?page_id=133","og_site_name":"Kiplink Finance","article_modified_time":"2025-02-10T14:45:04+00:00","og_image":[{"url":"https:\/\/kiplink-finance.fr\/wp-content\/uploads\/2021\/10\/Kiplink-Finance-on-to-one-cosy-e1636552513409-600x400xc.jpg","type":"","width":"","height":""}],"twitter_card":"summary_large_image","twitter_misc":{"Dur\u00e9e de lecture estim\u00e9e":"1 minute"},"schema":{"@context":"https:\/\/schema.org","@graph":[{"@type":"WebPage","@id":"https:\/\/kiplink-finance.fr\/?page_id=133","url":"https:\/\/kiplink-finance.fr\/?page_id=133","name":"Pr\u00e9sentation g\u00e9n\u00e9rale | Kiplink Finance","isPartOf":{"@id":"https:\/\/kiplink-finance.fr\/#website"},"primaryImageOfPage":{"@id":"https:\/\/kiplink-finance.fr\/?page_id=133#primaryimage"},"image":{"@id":"https:\/\/kiplink-finance.fr\/?page_id=133#primaryimage"},"thumbnailUrl":"https:\/\/kiplink-finance.fr\/wp-content\/uploads\/2021\/10\/Kiplink-Finance-on-to-one-cosy-e1636552513409-600x400xc.jpg","datePublished":"2021-04-12T08:31:05+00:00","dateModified":"2025-02-10T14:45:04+00:00","breadcrumb":{"@id":"https:\/\/kiplink-finance.fr\/?page_id=133#breadcrumb"},"inLanguage":"fr-FR","potentialAction":[{"@type":"ReadAction","target":["https:\/\/kiplink-finance.fr\/?page_id=133"]}]},{"@type":"ImageObject","inLanguage":"fr-FR","@id":"https:\/\/kiplink-finance.fr\/?page_id=133#primaryimage","url":"https:\/\/kiplink-finance.fr\/wp-content\/uploads\/2021\/10\/Kiplink-Finance-on-to-one-cosy-e1636552513409-600x400xc.jpg","contentUrl":"https:\/\/kiplink-finance.fr\/wp-content\/uploads\/2021\/10\/Kiplink-Finance-on-to-one-cosy-e1636552513409-600x400xc.jpg"},{"@type":"BreadcrumbList","@id":"https:\/\/kiplink-finance.fr\/?page_id=133#breadcrumb","itemListElement":[{"@type":"ListItem","position":1,"name":"Accueil","item":"https:\/\/kiplink-finance.fr\/"},{"@type":"ListItem","position":2,"name":"Pr\u00e9sentation g\u00e9n\u00e9rale"}]},{"@type":"WebSite","@id":"https:\/\/kiplink-finance.fr\/#website","url":"https:\/\/kiplink-finance.fr\/","name":"Kiplink Finance","description":"","publisher":{"@id":"https:\/\/kiplink-finance.fr\/#organization"},"potentialAction":[{"@type":"SearchAction","target":{"@type":"EntryPoint","urlTemplate":"https:\/\/kiplink-finance.fr\/?s={search_term_string}"},"query-input":{"@type":"PropertyValueSpecification","valueRequired":true,"valueName":"search_term_string"}}],"inLanguage":"fr-FR"},{"@type":"Organization","@id":"https:\/\/kiplink-finance.fr\/#organization","name":"KIPLINK FINANCE","url":"https:\/\/kiplink-finance.fr\/","logo":{"@type":"ImageObject","inLanguage":"fr-FR","@id":"https:\/\/kiplink-finance.fr\/#\/schema\/logo\/image\/","url":"https:\/\/kiplink-finance.fr\/wp-content\/uploads\/2021\/04\/logo-kiplink.png","contentUrl":"https:\/\/kiplink-finance.fr\/wp-content\/uploads\/2021\/04\/logo-kiplink.png","width":158,"height":40,"caption":"KIPLINK FINANCE"},"image":{"@id":"https:\/\/kiplink-finance.fr\/#\/schema\/logo\/image\/"}}]}},"_links":{"self":[{"href":"https:\/\/kiplink-finance.fr\/index.php?rest_route=\/wp\/v2\/pages\/133","targetHints":{"allow":["GET"]}}],"collection":[{"href":"https:\/\/kiplink-finance.fr\/index.php?rest_route=\/wp\/v2\/pages"}],"about":[{"href":"https:\/\/kiplink-finance.fr\/index.php?rest_route=\/wp\/v2\/types\/page"}],"author":[{"embeddable":true,"href":"https:\/\/kiplink-finance.fr\/index.php?rest_route=\/wp\/v2\/users\/1"}],"replies":[{"embeddable":true,"href":"https:\/\/kiplink-finance.fr\/index.php?rest_route=%2Fwp%2Fv2%2Fcomments&post=133"}],"version-history":[{"count":584,"href":"https:\/\/kiplink-finance.fr\/index.php?rest_route=\/wp\/v2\/pages\/133\/revisions"}],"predecessor-version":[{"id":4947,"href":"https:\/\/kiplink-finance.fr\/index.php?rest_route=\/wp\/v2\/pages\/133\/revisions\/4947"}],"wp:attachment":[{"href":"https:\/\/kiplink-finance.fr\/index.php?rest_route=%2Fwp%2Fv2%2Fmedia&parent=133"}],"curies":[{"name":"wp","href":"https:\/\/api.w.org\/{rel}","templated":true}]}}